to base 16
-53c80
-45311456 (base 7) to base 4
-33000321023
Convert 277681 (base 13) to base 16.
ea223
233224 (base 8) to base 10
79508
What is 4020436 (base 9) in base 4?
20022101223
Convert -72235 (base 16) to base 9.
-782264
What is 12131200022 (base 4) in base 12?
6981a2
-221212020122000 (base 3) to base 10
-13743567
175cbbb (base 13) to base 11
4319852
Convert -78ad02 (base 14) to base 12.
-1459a86
41414013 (base 5) to base 10
341758
What is 285927 (base 13) in base 2?
11110000001000111101
Convert -14553063 (base 7) to base 12.
-571159
Convert 865013 (base 10) to base 8.
3231365
What is -222202121002 (base 3) in base 7?
-4322531
What is 112820 (base 12) in base 10?
274200
What is -3211344 (base 5) in base 7?
-313234
2371d (base 14) to base 9
141540
What is 8092c (base 13) in base 6?
4533011
What is -1364662 (base 7) in base 15?
-39891
Convert -3322401 (base 5) to base 6.
-1123455
Convert 39cb (base 16) to base 3.
202021222
Convert 621706 (base 8) to base 16.
323c6
What is -240925 (base 11) in base 7?
-3150032
-3361648 (base 11) to base 10
-5887791
What is 235525240 (base 6) in base 14?
846b68
What is a94695 (base 12) in base 14?
4db9cd
What is 2120899 (base 11) in base 6?
212013255
Convert 536055 (base 8) to base 9.
302781
Convert 10342330 (base 5) to base 7.
524245
Convert -112102033 (base 4) to base 8.
-262217
-505980 (base 12) to base 14
-2490d2
What is -1101200332 (base 4) in base 8?
-1214076
15515334 (base 6) to base 12
228b4a
Convert 122231223211 (base 4) to base 6.
410032341
What is 74d12 (base 16) in base 2?
1110100110100010010
615417 (base 8) to base 11
129a12
Convert 2021c4 (base 14) to base 4.
10020002200
-49259 (base 15) to base 5
-24432114
20220203013 (base 4) to base 16
2288c7
Convert -1444112 (base 5) to base 2.
-111100110110101
What is -1001000011011010 (base 2) in base 10?
-37082
What is -11102222222120 (base 3) in base 8?
-11005134
-337386 (base 9) to base 13
-710a0
-158584 (base 11) to base 9
-413810
Convert 1011101001100001111111 (base 2) to base 12.
1033227
85933 (base 10) to base 6
1501501
What is 4107a (base 12) in base 7?
502063
Convert -1875599 (base 13) to base 7.
-125034650
12533467 (base 10) to base 8
57637333
Convert -668c7 (base 16) to base 4.
-1212203013
What is -1125446 (base 7) in base 3?
-21011200202
What is 31202011 (base 4) in base 12?
280b1
What is 58469 (base 13) in base 14?
42a24
Convert -1100000110111110011 (base 2) to base 15.
-7c877
What is 13302 (base 7) in base 15?
10d9
-8160030 (base 11) to base 16
-dc0daa
What is 25425160 (base 9) in base 14?
192aa41
Convert 112141453 (base 6) to base 12.
837889
-4ac282 (base 14) to base 15
-35b245
10d378e (base 15) to base 12
4057608
Convert -7341323 (base 8) to base 7.
-22402232
What is 222020010000 (base 3) in base 13?
150c69
What is 1125491 (base 13) in base 8?
24057073
31414644 (base 8) to base 7
110605656
-242341303 (base 6) to base 9
-8582503
321111303 (base 4) to base 13
82b99
3ad990 (base 15) to base 11
1663590
What is -21230342 (base 5) in base 10?
-180097
-112411402 (base 7) to base 13
-1574aa3
100111000101111110 (base 2) to base 7
1234561
What is -100100100010000 (base 2) in base 4?
-10210100
Convert -1101100111111001100 (base 2) to base 3.
-211200100210
What is 10010000010101110101 (base 2) in base 8?
2202565
Convert 1001011110000100010011 (base 2) to base 6.
125112455
-34151367 (base 8) to base 7
-116563652
What is -1000110111101110 (base 2) in base 16?
-8dee
-1020514102 (base 6) to base 5
-10213204041
-60bd8b (base 14) to base 16
-31bd97
2bc14 (base 15) to base 13
4c2b5
What is -423b9 (base 12) in base 14?
-239a5
What is -2142035 (base 8) in base 4?
-2030100131
Convert -11aba (base 16) to base 2.
-10001101010111010
Convert 4744586 (base 9) to base 2.
1001110011001000101110
9780d2 (base 15) to base 8
33415513
Convert 44422215 (base 6) to base 5.
320344304
What is 100200011112 (base 3) in base 15?
3b62b
a10d7c (base 15) to base 6
431524413
-102020210201 (base 3) to base 8
-660441
What is 13023323130 (base 4) in base 9?
3481156
Convert -63624113 (base 7) to base 8.
-24465300
Convert -372c7 (base 14) to base 12.
-6617b
What is 2073055 (base 10) in base 11?
1196576
Convert 1211111200220 (base 3) to base 13.
281700
Convert -40a3c (base 15) to base 8.
-620007
Convert 38901 (base 14) to base 15.
2b295
What is -10200302022 (base 4) in base 12?
-490636
What is 87184 (base 14) in base 15?
66c9d
-1000001000111111110111 (base 2) to base 11
-1228347
Convert 115001 (base 8) to base 14.
10521
What is -211102222 (base 3) in base 12?
-9575
What is -358c (base 15) in base 3?
-120121120
-3244372 (base 10) to base 11
-19165aa
What is 20003200 (base 5) in base 10?
156675
What is 100610 (base 8) in base 11?
22a06
What is bac182 (base 13) in base 12?
1580308
101010101001011010111 (base 2) to base 5
324204323
Convert 111100210112 (base 3) to base 5.
31404041
What is 4155310 (base 6) in base 5?
22431244
-277232 (base 8) to base 6
-2033242
What is d06c6 (base 14) in base 12?
20195a
Convert -13b4a9 (base 13) to base 15.
-97c08
132475 (base 9) to base 6
1421022
Convert 210110110022 (base 3) to base 8.
1471027
Convert 11000202101002 (base 3) to base 8.
10124710
What is -1286583 (base 9) in base 13?
-1b9996
What is 2022200121 (base 3) in base 9?
68617
130330230123 (base 4) to base 14
1017775
Convert 20101221121102 (base 3) to base 11.
1a15647
-39056a (base 14) to base 15
-28ac60
What is 1001000111001011101 (base 2) in base 12?
124965
What is 90556b (base 12) in base 3?
11020020221202
2100002112 (base 4) to base 3
1002222021220
-121121022002 (base 3) to base 2
-1001111110010011010
1022200101 (base 3) to base 13
babb
Convert -33851 (base 15) to base 10.
-163876
What is 2113773 (base 9) in base 10?
1131312
Convert 1137604 (base 8) to base 10.
311172
211222332 (base 4) to base 5
14414202
4071b3 (base 12) to base 10
1007703
What is -1663a6 (base 13) in base 10?
-556484
Convert 344242412 (base 5) to base 12.
630552
Convert -787389 (base 10) to base 15.
-108479
221013012 (base 4) to base 6
3335330
-134700 (base 9) to base 13
-2b563
-2503022 (base 6) to base 13
-48617
What is 100020010120022 (base 3) in base 8?
22551363
Convert -4614463 (base 7) to base 13.
-171c07
What is -4851235 (base 9) in base 6?
-132224352
Convert 1273166 (base 8) to base 13.
c6c4c
Convert 3bc3 (base 15) to base 9.
18473
What is -10101000010110111100100 (base 2) in base 11?
-3128918
-21334141 (base 6) to base 8
-2327455
Convert 1010011011111001010010 (base 2) to base 7.
32152540
219229 (base 11) to base 5
42131440
Convert 34776 (base 13) to base 4.
113120013
What is -2112546 (base 7) in base 5?
-31133341
1605146 (base 8) to base 13
132035
What is -9bab8 (base 12) in base 15?
-415e2
What is -201101121 (base 4) in base 6?
-2530533
What is cb49c (base 13) in base 5?
43231304
Convert -108c479 (base 16) to base 4.
-1002030101321
What is -5b940c (base 15) in base 13?
-ba6bc7
What is 11010011000101010 (base 2) in base 4?
122120222
What is -2256234 (base 7) in base 12?
-1179b6
What is -66201 (base 12) in base 3?
-20212021201
362292 (base 10) to base 13
c8b98
What is 82925 (base 11) in base 13?
43056
-225645621 (base 7) to base 14
-1bb3511
20279a (base 11) to base 10
325720
Convert -10213310200 (base 4) to base 16.
-127d20
Convert -2836825 (base 13) to base 10.
-12724210
What is 100110010100111111100 (base 2) in base 3?
2100210211000
-20c5a6 (base 13) to base 8
-2737613
Convert 12564380 (base 9) to base 14.
b6d765
-3a5926 (base 11) to base 12
-2689b3
What is 122010012011020 (base 3) in base 5?
4312103210
What is 100112110012011 (base 3) in base 10?
5067418
-23240301 (base 6) to base 12
-2a9091
What is 210201412 (base 5) in base 15?
12183c
What is -30553304 (base 6) in base 7?
-10346611
Convert -202210002210 (base 3) to base 11.
-25a359
What is -20032202 (base 4) in base 15?
-9eb8
Convert 6811467 (base 9) to base 4.
31333223221
What is 65290 (base 10) in base 9?
108504
1577455 (base 8) to base 10
458541
-1703a7 (base 13) to base 9
-1061404
-113b12 (base 14) to base 4
-2033032110
What is 1102103212 (base 4) in base 14?
8ac06
-17388 (base 11) to base 6
-305013
-328347 (base 9) to base 8
-577443
What is -466585 (base 10) in base 16?
-71e99
962a6 (base 15) to base 16
74541
Convert -7c69 (base 15) to base 10.
-26424
What